 13. Let g be o*3/12 - -3. Let r(p) = g*s(p) + 5*m(p). Calculate r(-5).
-2
Let i(h) = -h**2 + 2*h - 3. Suppose -3*z = -7*r + 9*r, 0 = -r - 4*z. What is i(r)?
-3
Let u be ((-11)/(-11))/((-1)/7). Let s(j) = -j**2 - 4*j - 8. Calculate s(u).
-29
Let a(w) = -12*w**3 + 18*w**3 - 3 + 11*w + w**2 + w**2. Let s(d) = 2*d**3 + d**2 + 4*d - 1. Let f(b) = 3*a(b) - 8*s(b). Determine f(2).
9
Let h(f) = 2*f**2 - f**3 + 5*f - 2 - 1 - 3*f. Let j be 48/(-15)*-1 - 7/35. Calculate h(j).
-6
Let v(y) = -y**2 - 7*y + 32. Let b be v(-10). Let m(c) = -b + 7*c + 4 + c - 9*c. What is m(0)?
2
Let t(l) = 4*l + 1. Let v(p) = 5*p + 1. Let j(s) = -6*t(s) + 4*v(s). Determine j(-1).
2
Let l be (-42)/(2 - -4) - 0. Let n(z) = -z - 10. Calculate n(l).
-3
Let t(v) = -2*v**3 - 8*v**2 - 7*v. Let l be t(-3). Let y(m) = -m**3 + 4*m**2 - 1. Let d(h) = -3*h**3 + 12*h**2 - 4. Let z(u) = -3*d(u) + 8*y(u). What is z(l)?
-5
Let x be (-1 + 3)*12/8. Let v(d) = 85*d - 85*d + 7*d**2 + 7 + d**x. Determine v(-7).
7
Let x(b) = -b**3 + 2*b. Let p be 1*2 - (9 + 20/(-5)). Determine x(p).
21
Let t(n) = -n**2 + 3*n + 4. Let z(c) = -c**3 + 2*c**2 + 6*c + 4. Let b be z(-2). Suppose 0 = -b*s + 9*s - 3. Determine t(s).
4
Let b(j) = -21*j**3 + 26*j**2 - 10*j + 4. Let g(m) = -4*m**3 + 5*m**2 - 2*m + 1. Let r(q) = 2*b(q) - 11*g(q). What is r(3)?
30
Let l(k) be the first derivative of -k**3 - 3*k**2/2 - 84. What is l(-2)?
-6
Let w(d) = -d**2 - 2*d - 1. Let a = 41 - 21. Suppose q + 3*p = -4, 2*p + 6 = 4*q - a. Suppose 0*r = -q*r - 15. Determine w(r).
-4
Let l = 14 + -8. Let w(q) = -q**2. Let a(p) = 5*p**2 + 7*p. Let b(o) = -a(o) - 6*w(o). Determine b(l).
-6
Let m(y) be the third derivative of -y**6/120 - 2*y**5/15 + y**4/3 - 5*y**3/6 + 2*y**2 - 42*y. Give m(-9).
4
Let j(v) = -20*v - 2. Let a = -47 - -48. Give j(a).
-22
Let i(y) be the second derivative of 0 + 3/2*y**2 + 1/12*y**4 - 1/20*y**5 + 4*y - 1/3*y**3. Suppose 12*b - 7*b - 10 = 0. What is i(b)?
-5
Suppose 51*d = 72*d - 105. Let m(r) = -r**3 + 6*r**2 + 1. What is m(d)?
26
Let s(a) = 5*a - 2. Let g be s(1). Let v be (4/6)/(6/9). Let j(h) = -3 - 2 + 2*h + v + 2*h. Determine j(g).
8
Let t be ((-135)/10)/(-9) + 11/2. Let c(p) = p + 2 - t - 2*p + 1. Calculate c(-6).
2
Let x(g) = -g**2 + 5*g + 2. Suppose -14*o - 21 = -7*o. Let l(k) = -k + 3. Let c be l(o). Calculate x(c).
-4
Suppose -2*h = -120 + 112. Let l(n) = -2*n**2 + 4*n + 1. Calculate l(h).
-15
Suppose -12 = -3*z + 2*a - 1, z - 5*a = 21. Let q(p) = -p - 1. Let f be q(-3). Let j(l) = 6*l + 3*l + 9*l - f*l**2 - 17*l - 10*l**3. Calculate j(z).
-11
Let j(d) = -d**2 + 5*d. Let h be (-46)/(-8) - (-68)/272. Determine j(h).
-6
Let l(o) = 4*o**2 + 5*o + 30. Let s(f) = 5*f**2 + 6*f + 30. Let c(w) = -3*l(w) + 2*s(w). Let d(y) be the first derivative of c(y). What is d(-2)?
5
Let h(j) = 1 - 6*j - 6 - 5 + j**2 + 0 - 4*j. What is h(11)?
1
Let w(f) = f**3 - 6*f**2 - 11*f + 4. Let q be w(5). Let j = 75 + q. Let v(h) = -8*h - 1. Determine v(j).
7
Let g(y) = -2*y**2 - 4*y - 3. Let s be g(-2). Let f be (-3 + (-22)/(-3))*s. Let u = f - -12. Let h(v) = -15*v - 1. Calculate h(u).
14
Suppose -64 = -17*j - 13. Let w(u) be the second derivative of 2*u**3/3 - u**2/2 + u. Calculate w(j).
11
Let r = -7 + 4. Let i(a) be the third derivative of -5*a**4/24 + 36*a**2. Calculate i(r).
15
Let o(m) = m + 3. Let n(h) = h**2 + 12*h - 114. Let a be n(-18). Calculate o(a).
-3
Let n(w) = -w**2 + 8*w + 13. Let q be n(9). Let u(h) = 5*h**2 - 4*h**2 + 0*h**2 - q*h. What is u(5)?
5
Let a(i) = -i**3 + 4*i**2 - i - 4. Suppose -3 = 3*u + 6. Let z(d) = -15*d - 3. Let h(f) = -8*f - 1. Let x(v) = -9*h(v) + 5*z(v). Let w be x(u). Calculate a(w).
2
Suppose -q + 8 = -2*q. Let f be ((2 + -6)*-2)/(7 + q). Let t(o) = -o - 2. Calculate t(f).
6
Suppose -2*a = 3*s + s, -5*a - 4*s = -6. Let j(b) = 4*b - b**2 + a + 1 + 0*b. Let c = -48 + 54. Determine j(c).
-9
Suppose 0 = -3*u + n - 3, 4*u = 3*u + 4*n + 10. Let f(a) = 12*a**2 + 82*a**3 + 2*a + 1 - 38*a**3 - 43*a**3 - 11*a**2. Give f(u).
-7
Let b be (-8)/14*21/(-6). Suppose 3*g = -5*z + 12, -11 = -b*z - 3*g + 1. Let m(d) = 5*d - 2*d - 2*d + 0*d + 5. Give m(z).
5
Suppose 9 = 3*m - 4*t + t, -4*t = -2*m + 12. Let y be (-1 - -2)*(m + 1). Let x(g) = -2*g**2 + 9*g**2 - 2*g - 4*g**2 + 0*g + y. Calculate x(1).
2
Let f(v) = v**2 - 7*v + 2. Let k = -98 + 103. Calculate f(k).
-8
Let v(q) be the third derivative of 33*q**2 + 1/120*q**6 + 1/12*q**5 - 1/8*q**4 + 0*q + 0 + 1/2*q**3. Calculate v(-6).
-15
Let n = 4 - 5. Let s = n + -3. Let l(z) = 2 + 7 - 12 + 2*z. What is l(s)?
-11
Let o(k) = k. Let n(m) = -32*m + 11*m + 6 + 17*m. Let y(z) = n(z) + 3*o(z). Calculate y(6).
0
Let i be 3/(-2)*(-6)/(-9). Let q be ((-15)/10 + 1)/(i/(-2)). Let p(v) = 2*v - 1. Give p(q).
-3
Let p = 147 - 145. Let z be 6/(54/87) - p/3. Let x(r) = r**3 - 9*r**2 + r - 9. Determine x(z).
0
Let q(g) = -3*g**3 - 5*g**2 + 11*g + 1. Let n = 41 + -36. Let d(b) = -2 - 5*b + 2 + 3*b**2 + b**3. Let l(i) = n*d(i) + 2*q(i). Determine l(4).
6
Let d(i) be the third derivative of -i**6/120 - i**5/10 + i**4/24 + i**3/6 - 3*i**2. Let v = 6 - 12. Determine d(v).
-5
Let i(j) = 3*j**2 - 3*j. Let u(v) = 7*v**2 - 7*v - 1. Let x(m) = 5*i(m) - 2*u(m). Let q(z) be the first derivative of x(z). What is q(-2)?
-5
Let y(v) = 3*v**2 + 3*v + 4. Let u be -8 - (-6 - -11)/(2/(-2)). What is y(u)?
22
Let k(l) be the third derivative of -l**5/60 - l**4/12 + 2*l**3/3 + 64*l**2. Calculate k(-3).
1
Let n(r) = -r**3 + 8*r**2 + 6*r + 20. Suppose -175*g = -173*g - 18. Give n(g).
-7
Let m(b) = b**3 + 4*b**2 - 3*b + 4. Let f = -209 - -205. What is m(f)?
16
Let k(m) be the second derivative of -m**5/60 - m**4/8 + m**3/6 - 2*m**2 + 7*m. Let j(c) be the first derivative of k(c). Give j(-3).
1
Let d = -8 - -15. Let y be 2/(-7) - (-16)/d. Suppose -y*c - 11 = 1. Let s(w) = -w**3 - 5*w**2 + 6*w. Calculate s(c).
0
Let t(x) = x + 16. Let w be t(-16). Let s(j) = -j. Let l(q) = q**2 + 4*q - 6. Suppose b + 14 = 19. Let p(h) = b*s(h) + l(h). Determine p(w).
-6
Let k(q) = -4*q**3 - 22*q**2 + 5*q + 21. Let i(h) = -3*h**3 - 15*h**2 + 3*h + 15. Let s(l) = 7*i(l) - 5*k(l). Determine s(5).
-20
Let a(o) = -13 - 2782*o + 2778*o - 2 - 16. Give a(-9).
5
Let p(c) be the second derivative of c**5/10 - c**4/2 + 2*c**2 + c. Let w be p(4). Let s be w/(-21) + 2/(-7). Let q(g) = 3*g**2 + 3*g + 1. Give q(s).
7
Let g(o) = 22*o**2 + 15*o - 39. Let f(v) = -5*v**2 - 3*v + 10. Let s(t) = -9*f(t) - 2*g(t). Calculate s(5).
-2
Let f(h) be the third derivative of h**8/5040 - h**6/720 - 11*h**5/30 + 20*h**2. Let o(g) be the third derivative of f(g). Determine o(1).
3
Let i be (3/(-2))/(36/48). Let m(g) be the first derivative of -g**6/60 - g**5/20 + 6*g**2 - 5. Let w(z) be the second derivative of m(z). Calculate w(i).
4
Suppose 0 = -3*d + b - 2 - 4, b = -3. Let z(t) = -2*t**2 + t + 15. Give z(d).
-6
Suppose -477*r = -493*r - 128. Let g(l) = l**3 + 9*l**2 + 3*l + 7. Determine g(r).
47
Let s be ((-24)/(-9) + -2)*3. Suppose -2*l = 9*l - 22. Let u(p) = 13*p**2 + 15*p**2 + s*p - 27*p**2 - l. Determine u(3).
13
Let d(k) = -k**2 - 11*k - 8. Let n(s) = s**3 + 10*s**2 - 14*s - 42. Let o be n(-11). Determine d(o).
10
Let x(s) = s**3 + 6*s**2 + 5*s + 4. Let u be 1*((7 - 11) + -1). What is x(u)?
4
Let t be 1 + -4 - -17*1. Let z = 19 - t. Let a(g) = -g**2 + 5*g + 1. Determine a(z).
1
Suppose 4*n - 15 = 3*r, 8 = 4*n - 5*r - 17. Let j(u) = n - 6*u**2 - 196*u**3 + 195*u**3 - 3*u + 5. Determine j(-4).
-15
Let f(h) = h**3 - 4*h**2 - 5*h + 4. Suppose 4*l - 4 = 6*l - i, 3*i + 20 = -2*l. Let r(w) = -5 - 4*w + 14 - 5*w + 10*w. Let m be r(l). What is f(m)?
4
Let j be (4 - 0)*(11 - 10). Let h(i) be the second derivative of -7/6*i**3 - 8*i - i**2 + 1/20*i**5 + 0 + 1/2*i**j. Give h(-7).
-2
Let p(v) = v**2 + 4*v + 6. Let i = 29 + -33. Let h be p(i). Let m be (-4)/h + (-25)/(-15). Let w(z) = -7*z. What is w(m)?
-7
Suppose 0*y = -2*y - 4*s + 16, y - 17 = -5*s. Let t(z) = y - 3*z + 2*z - 5. Let p(f) = -3*f - 28. Let n be p(-7). Determine t(n).
4
Let b(i) = i + 16. Let j be (-21)/(-6)*(7 - 13 - -4). Give b(j).
9
Let a = 356 + -362. Let d(f) = -f**3 - 7*f**2 - 5*f + 5. Give d(a).
-1
Let b(z) be the first derivative of 3*z**2/2 - z + 833. What is b(4)?
11
Let o(s) = -2*s**2 - s - 1. Let c(r) = -r**2 - r. Let i(k) = -5*c(k) + 3*o(k). Let l be 34/5 + (-7)/(-35). Suppose 